3 is divided by 304.
301
What is the remainder when 16446 is divided by 619?
352
What is the remainder when 1948 is divided by 141?
115
Calculate the remainder when 35842 is divided by 1330.
1262
What is the remainder when 4537 is divided by 868?
197
Calculate the remainder when 2036 is divided by 102.
98
What is the remainder when 32178 is divided by 8035?
38
Calculate the remainder when 6982 is divided by 77.
52
What is the remainder when 382924 is divided by 18233?
31
What is the remainder when 1580 is divided by 24?
20
What is the remainder when 151225 is divided by 213?
208
Calculate the remainder when 677 is divided by 28.
5
Calculate the remainder when 8690 is divided by 8643.
47
Calculate the remainder when 35777 is divided by 17877.
23
What is the remainder when 7763 is divided by 111?
104
What is the remainder when 271946 is divided by 222?
218
Calculate the remainder when 7253 is divided by 101.
82
Calculate the remainder when 29834 is divided by 76.
42
Calculate the remainder when 21522 is divided by 3062.
88
What is the remainder when 8334 is divided by 2?
0
Calculate the remainder when 3997 is divided by 12.
1
Calculate the remainder when 18398 is divided by 1152.
1118
What is the remainder when 410994 is divided by 7339?
10
What is the remainder when 107438 is divided by 254?
250
Calculate the remainder when 145573 is divided by 83.
74
Calculate the remainder when 254698 is divided by 161.
157
What is the remainder when 299101 is divided by 188?
181
What is the remainder when 2526 is divided by 211?
205
What is the remainder when 1327 is divided by 83?
82
What is the remainder when 106269 is divided by 22?
9
What is the remainder when 71801 is divided by 298?
281
Calculate the remainder when 34736 is divided by 36.
32
What is the remainder when 115859 is divided by 491?
474
What is the remainder when 18353 is divided by 255?
248
What is the remainder when 84282 is divided by 270?
42
What is the remainder when 111775 is divided by 8?
7
Calculate the remainder when 11260 is divided by 33.
7
What is the remainder when 170163 is divided by 28351?
57
Calculate the remainder when 7670 is divided by 28.
26
What is the remainder when 1912 is divided by 1901?
11
Calculate the remainder when 48989 is divided by 205.
199
What is the remainder when 270527 is divided by 668?
655
What is the remainder when 113946 is divided by 61?
59
What is the remainder when 214 is divided by 213?
1
Calculate the remainder when 169 is divided by 26.
13
What is the remainder when 751380 is divided by 51?
48
Calculate the remainder when 63421 is divided by 59.
55
What is the remainder when 569 is divided by 273?
23
What is the remainder when 1224 is divided by 32?
8
What is the remainder when 8287 is divided by 79?
71
What is the remainder when 2236 is divided by 223?
6
What is the remainder when 106126 is divided by 547?
8
What is the remainder when 3155 is divided by 79?
74
Calculate the remainder when 1617 is divided by 46.
7
What is the remainder when 40044 is divided by 229?
198
Calculate the remainder when 35034 is divided by 51.
48
What is the remainder when 65789 is divided by 273?
269
What is the remainder when 10939914 is divided by 52?
50
What is the remainder when 3357 is divided by 297?
90
What is the remainder when 5124 is divided by 1035?
984
What is the remainder when 1368 is divided by 449?
21
What is the remainder when 16993 is divided by 8481?
31
What is the remainder when 6657 is divided by 186?
147
Calculate the remainder when 405248 is divided by 1654.
18
Calculate the remainder when 162631 is divided by 726.
7
What is the remainder when 26556 is divided by 98?
96
Calculate the remainder when 5784 is divided by 2845.
94
Calculate the remainder when 1214 is divided by 9.
8
What is the remainder when 3760339 is divided by 324?
319
What is the remainder when 857835 is divided by 94?
85
Calculate the remainder when 110632 is divided by 14.
4
Calculate the remainder when 6970 is divided by 278.
20
Calculate the remainder when 14877 is divided by 346.
345
Calculate the remainder when 57184 is divided by 2722.
22
Calculate the remainder when 147 is divided by 37.
36
What is the remainder when 213944 is divided by 22?
16
Calculate the remainder when 21346 is divided by 6784.
994
What is the remainder when 19320 is divided by 17?
8
What is the remainder when 144809 is divided by 48251?
56
Calculate the remainder when 9997 is divided by 600.
397
Calculate the remainder when 19346 is divided by 81.
68
Calculate the remainder when 18037 is divided by 3577.
152
What is the remainder when 2004 is divided by 496?
20
Calculate the remainder when 104299 is divided by 86.
67
Calculate the remainder when 884 is divided by 419.
46
Calculate the remainder when 2831 is divided by 187.
26
What is the remainder when 162990 is divided by 10?
0
Calculate the remainder when 4565 is divided by 413.
22
What is the remainder when 2212259 is divided by 170173?
10
What is the remainder when 1648 is divided by 1469?
179
What is the remainder when 3764215 is divided by 1126?
1123
What is the remainder when 224579 is divided by 60?
59
What is the remainder when 2543 is divided by 602?
135
What is the remainder when 11899 is divided by 168?
139
Calculate the remainder when 186850 is divided by 93422.
6
What is the remainder when 1071 is divided by 1030?
41
Calculate the remainder when 8061 is divided by 64.
61
Calculate the remainder when 3526 is divided by 1738.
50
Calculate the remainder when 413742 is divided by 27.
21
What is the remainder when 2260 is divided by 2170?
90
What is the remainder when 13074 is divided by 272?
18
What is the remainder when 978 is divided by 88?
10
What is the remainder when 14170 is divided by 4719?
13
What is the remainder when 1016 is divided by 637?
379
What is the remainder when 1017 is divided by 571?
446
What is the remainder when 81455 is divided by 138?
35
Calculate the remainder when 1031309 is divided by 37.
8
Calculate the remainder when 89992 is divided by 341.
309
Calculate the remainder when 865 is divided by 432.
1
Calculate the remainder when 228473 is divided by 2096.
9
What is the remainder when 3779 is divided by 293?
263
Calculate the remainder when 38803 is divided by 549.
373
Calculate the remainder when 6972 is divided by 3481.
10
What is the remainder when 146698 is divided by 98?
90
Calculate the remainder when 55469 is divided by 55400.
69
What is the remainder when 52011 is divided by 535?
116
What is the remainder when 178538 is divided by 182?
178
What is the remainder when 196859 is divided by 871?
13
Calculate the remainder when 78474 is divided by 4126.
80
Calculate the remainder when 39489 is divided by 28.
9
What is the remainder when 9051 is divided by 418?
273
What is the remainder when 1302 is divided by 1272?
30
Calculate the remainder when 2015641 is divided by 159.
157
What is the remainder when 23761 is divided by 165?
1
What is the remainder when 239913 is divided by 239908?
5
Calculate the remainder when 32695 is divided by 10824.
223
What is the remainder when 57479 is divided by 91?
58
What is the remainder when 338129 is divided by 13?
12
Calculate the remainder when 20142 is divided by 1188.
1134
Calculate the remainder when 2112 is divided by 896.
320
Calculate the remainder when 18441 is divided by 1532.
57
Calculate the remainder when 67511 is divided by 67438.
73
Calculate the remainder when 45884 is divided by 55.
14
Calculate the remainder when 18384 is divided by 140.
44
What is the remainder when 3915 is divided by 34?
5
What is the remainder when 37050 is divided by 5?
0
Calculate the remainder when 218 is divided by 69.
11
What is the remainder when 423212 is divided by 920?
12
What is the remainder when 34782 is divided by 8672?
94
What is the remainder when 98692 is divided by 1473?
1
What is the remainder when 5133 is divided by 1004?
113
Calculate the remainder when 46845 is divided by 154.
29
Calculate the remainder when 346895 is divided by 584.
583
What is the remainder when 80842 is divided by 30?
22
What is the remainder when 1712697 is divided by 300?
297
Calculate the remainder when 36508 is divided by 380.
28
What is the remainder when 1761 is divided by 762?
237
Wha